{"id":50,"date":"2024-09-13T17:33:04","date_gmt":"2024-09-13T15:33:04","guid":{"rendered":"https:\/\/www.makedonski-prevod.de\/?page_id=50"},"modified":"2025-07-13T23:12:55","modified_gmt":"2025-07-13T21:12:55","slug":"startseite","status":"publish","type":"page","link":"https:\/\/www.makedonski-prevod.de\/","title":{"rendered":"Mazedonisch-Deutsch"},"content":{"rendered":"\n<figure class=\"wp-block-image size-full is-resized is-style-bottom-wave wp-duotone-unset-1\"><img loading=\"lazy\" decoding=\"async\" width=\"593\" height=\"599\" src=\"https:\/\/www.makedonski-prevod.de\/wp-content\/uploads\/2024\/09\/emanuela-flaggen.jpg\" alt=\"\" class=\"wp-image-64\" style=\"width:255px;height:auto\"\/><\/figure>\n\n\n\n<h3 class=\"wp-block-heading\"><strong>Professionelle \u00dcbersetzungen<\/strong><\/h3>\n\n\n\n<p>Als erfahrene \u00dcbersetzerin f\u00fcr die Sprachkombination Mazedonisch\u2013Deutsch biete ich pr\u00e4zise und professionelle \u00dcbersetzungen von h\u00f6chster Qualit\u00e4t. Dank meiner tiefgehenden sprachlichen Kenntnisse und Mazedonisch als Muttersprache stelle ich sicher, dass Ihre Dokumente klar und korrekt in die gew\u00fcnschte Sprache \u00fcbertragen werden \u2013 unabh\u00e4ngig davon, ob es sich um gesch\u00e4ftliche, rechtliche oder private Inhalte handelt. Mit langj\u00e4hriger Erfahrung in der \u00dcbersetzung wie Geburts- und Heiratsurkunden, Zeugnissen, Diplomen, F\u00fchrerscheinen oder Vertr\u00e4gen garantiere ich eine vertrauliche und termingerechte \u00dcbersetzung. Kontaktieren Sie mich f\u00fcr Ihre individuelle \u00dcbersetzungsl\u00f6sung!<br><\/p>\n\n\n\n<hr class=\"wp-block-separator has-alpha-channel-opacity\"\/>\n\n\n\n<h3 class=\"wp-block-heading\"><strong>Erm\u00e4chtigte \u00dcbersetzerin-Beeidigte Dolmetscherin<\/strong><\/h3>\n\n\n\n<p>Als erm\u00e4chtigte \u00dcbersetzerin und Dolmetscherin f\u00fcr die mazedonische und deutsche Sprache durch das Oberlandesgericht K\u00f6ln bin ich berechtigt, beglaubigte \u00dcbersetzungen f\u00fcr Gerichte und Beh\u00f6rden anzufertigen. Ob Gerichtsurteile, notarielle Urkunden oder amtliche Dokumente \u2013 meine \u00dcbersetzungen werden von allen deutschen Institutionen anerkannt. <\/p>\n\n\n\n<p>Als beeidigte Dolmetscherin arbeite ich auf Anordnung deutscher Beh\u00f6rden \u2013 vor allem f\u00fcr die Justiz und die Polizei.<\/p>\n\n\n\n<hr class=\"wp-block-separator has-alpha-channel-opacity\"\/>\n\n\n\n<h3 class=\"wp-block-heading\"><strong>\u00dcbersetzung von Dokumenten f\u00fcr die Anerkennung<\/strong><\/h3>\n\n\n\n<p>M\u00f6chten Sie Ihre in Mazedonien erworbene Ausbildung in Deutschland anerkennen lassen und in Ihrem Beruf arbeiten?<br>Ich biete Ihnen fachkundige Unterst\u00fctzung und Beratung im Anerkennungsprozess sowie die \u00dcbersetzung von Unterlagen zur Anerkennung Ihrer Schul- oder Hochschulabschl\u00fcsse, Ausbildungsnachweise, Arbeitsbescheinigungen und weiterer offizieller Unterlagen \u2013 insbesondere in den Bereichen Medizin, Wirtschaft und Recht .<\/p>\n\n\n\n<p>Senden Sie mir Ihre Unterlagen per E-Mail oder Post zu, und ich erstelle Ihnen gerne ein schnelles und unverbindliches Angebot.<\/p>\n\n\n\n<p><\/p>\n","protected":false},"excerpt":{"rendered":"<p>Professionelle \u00dcbersetzungen Als erfahrene \u00dcbersetzerin f\u00fcr die Sprachkombination Mazedonisch\u2013Deutsch biete ich pr\u00e4zise und professionelle \u00dcbersetzungen von h\u00f6chster Qualit\u00e4t. Dank meiner tiefgehenden sprachlichen Kenntnisse und Mazedonisch als Muttersprache stelle ich sicher, dass Ihre Dokumente klar und korrekt in die gew\u00fcnschte Sprache \u00fcbertragen werden \u2013 unabh\u00e4ngig davon, ob es sich um gesch\u00e4ftliche, rechtliche oder private Inhalte handelt. [&hellip;]<\/p>\n","protected":false},"author":1,"featured_media":0,"parent":0,"menu_order":0,"comment_status":"closed","ping_status":"closed","template":"","meta":{"_coblocks_attr":"","_coblocks_dimensions":"","_coblocks_responsive_height":"","_coblocks_accordion_ie_support":"","hide_page_title":"","footnotes":""},"class_list":["post-50","page","type-page","status-publish","hentry"],"_links":{"self":[{"href":"https:\/\/www.makedonski-prevod.de\/index.php?rest_route=\/wp\/v2\/pages\/50","targetHints":{"allow":["GET"]}}],"collection":[{"href":"https:\/\/www.makedonski-prevod.de\/index.php?rest_route=\/wp\/v2\/pages"}],"about":[{"href":"https:\/\/www.makedonski-prevod.de\/index.php?rest_route=\/wp\/v2\/types\/page"}],"author":[{"embeddable":true,"href":"https:\/\/www.makedonski-prevod.de\/index.php?rest_route=\/wp\/v2\/users\/1"}],"replies":[{"embeddable":true,"href":"https:\/\/www.makedonski-prevod.de\/index.php?rest_route=%2Fwp%2Fv2%2Fcomments&post=50"}],"version-history":[{"count":17,"href":"https:\/\/www.makedonski-prevod.de\/index.php?rest_route=\/wp\/v2\/pages\/50\/revisions"}],"predecessor-version":[{"id":291,"href":"https:\/\/www.makedonski-prevod.de\/index.php?rest_route=\/wp\/v2\/pages\/50\/revisions\/291"}],"wp:attachment":[{"href":"https:\/\/www.makedonski-prevod.de\/index.php?rest_route=%2Fwp%2Fv2%2Fmedia&parent=50"}],"curies":[{"name":"wp","href":"https:\/\/api.w.org\/{rel}","templated":true}]}}